+ o**2 - 4*o + 1. Calculate t(4).
65
Let l(u) = -52*u + 2640. What is l(56)?
-272
Let o(p) = 2*p**2 - 200*p + 1319. What is o(7)?
17
Let t(x) = x**3 - 14*x - 20. What is t(5)?
35
Let u(q) = -222*q + 5773. What is u(26)?
1
Let o(m) = 4*m**2 + 149*m + 985. Determine o(-28).
-51
Let g(y) = 64*y**3 + y**2 - 11*y + 3. Give g(2).
497
Let a(p) = p**3 - 66*p**2 - 205*p - 129. Give a(69).
9
Let l(s) = 10*s**2 - 99*s - 4. Determine l(13).
399
Let d(x) = -186*x**2 - 383*x - 31. What is d(-2)?
-9
Let x(t) = -3*t**2 - 4*t + 24. Determine x(11).
-383
Let u(k) = -2*k**3 - 24*k**2 - 7*k + 157. Give u(-11).
-8
Let k(v) = -3*v**3 - 3*v**2 + 10*v + 21. What is k(-2)?
13
Let l(f) = -f**2 - 31*f - 107. Determine l(-4).
1
Let k(b) = b**2 - 18*b - 45. Calculate k(10).
-125
Let i(x) = -x**3 + 66*x**2 - 151*x + 1463. What is i(64)?
-9
Let f(q) = 17*q**2 + 1141*q + 102. What is f(-67)?
-32
Let h(g) = -g**3 + 10*g**2 - 14*g + 100. What is h(9)?
55
Let z(y) = 304*y - 27. Give z(1).
277
Let r(w) = -w**3 + 16*w**2 + 7*w + 172. Determine r(17).
2
Let b(w) = -w**2 + 113*w + 1771. Determine b(127).
-7
Let a(y) = y**3 + 38*y**2 + 144*y + 94. Calculate a(-34).
-178
Let v(l) = -2*l**2 - 7*l + 84. Determine v(10).
-186
Let a(z) = z**3 - 5*z**2 - 103*z + 422. Give a(4).
-6
Let f(a) = a**3 + 102*a**2 + 295*a - 190. Determine f(-99).
8
Let z(j) = -11*j**2 + 320*j - 323. What is z(28)?
13
Let s(z) = -2*z**2 - 114*z + 182. Calculate s(0).
182
Let a(p) = p**3 + 10*p**2 + 21*p - 27. Give a(-9).
-135
Let f(h) = 2*h**3 + 38*h**2 + 184*h + 60. Calculate f(-10).
20
Let b(l) = 7*l**2 + 124*l - 26. Calculate b(-19).
145
Let k(y) = y**2 - 1045*y - 75688. Determine k(-68).
-4
Let i(c) = 580*c**2 + 54*c + 53. What is i(-1)?
579
Let l(h) = -41*h + 3761. Give l(92).
-11
Let p(s) = -s**3 + 14*s**2 + 1296*s - 15843. Determine p(12).
-3
Let d(u) = u**3 + 21*u**2 - 108*u - 144. What is d(-25)?
56
Let p(i) = 3*i**2 - 105*i - 140. Give p(36).
-32
Let k(w) = -113*w - 855. What is k(-11)?
388
Let l(d) = 69*d + 1518. Give l(-22).
0
Let j(m) = -m**3 + 64*m**2 - 59*m - 28. Determine j(63).
224
Let u(p) = -16*p**2 + 135*p - 22. Calculate u(8).
34
Let f(a) = a**3 + 155*a**2 - 634*a + 326. What is f(-159)?
8
Let z(f) = -2*f**2 + 180*f - 3744. Determine z(33).
18
Let z(x) = 18*x + 1280. Calculate z(-67).
74
Let z(y) = -2*y**2 + 1158*y + 8205. Calculate z(-7).
1
Let l(u) = 76*u + 273. Give l(-8).
-335
Let i(o) = -2*o**3 + 75*o**2 + 40*o - 122. What is i(38)?
-46
Let f(s) = 4*s**3 + 15*s**2 - 8*s + 6. Determine f(-4).
22
Let x(w) = 15*w + 353. Determine x(-25).
-22
Let m(p) = p**3 + 12*p - 53. Determine m(5).
132
Let f(p) = -p**2 + 16*p - 23. What is f(18)?
-59
Let g(w) = w**3 + 31*w**2 + 122*w + 1. Calculate g(-4).
-55
Let s(p) = 26*p**3 + 45*p**2 - 9*p. Calculate s(-2).
-10
Let d(u) = 29*u**2 - 11*u - 1. Calculate d(-2).
137
Let r(y) = y**3 - 3*y**2 - 2*y + 20. Determine r(5).
60
Let p(g) = -7798*g + 54584. Calculate p(7).
-2
Let c(q) = 64*q + 852. What is c(-13)?
20
Let m(l) = 33*l + 195. Calculate m(-9).
-102
Let m(z) = -z**3 + 20*z**2 - 28*z - 599. Determine m(16).
-23
Let q(w) = -w**3 - 3*w**2 - 13*w + 8. Determine q(-8).
432
Let p(u) = -u**2 + u - 20. What is p(0)?
-20
Let q(u) = 41*u - 767. What is q(15)?
-152
Let f(n) = 41*n + 555. Calculate f(-13).
22
Let k(g) = g**3 - 16*g**2 - 12*g + 185. Give k(16).
-7
Let q(b) = -33*b**2 - 9*b + 18. Determine q(2).
-132
Let t(c) = -c**2 - 47*c + 1209. Calculate t(-60).
429
Let m(h) = -h**3 + 36*h**2 - 30*h - 136. Calculate m(35).
39
Let v(y) = -y**3 - 18*y**2 + 98*y - 40. Determine v(4).
0
Let h(b) = -4*b**2 + 129*b - 932. Calculate h(7).
-225
Let t(i) = -2074*i + 22820. Calculate t(11).
6
Let b(w) = -2*w**2 + 35. What is b(-10)?
-165
Let q(z) = -5*z**2 + 142*z - 924. Calculate q(18).
12
Let g(t) = 2*t**2 + 74*t + 445. Calculate g(-6).
73
Let k(w) = -384*w + 3411. Give k(9).
-45
Let f(i) = -2*i**2 - 50*i + 519. Determine f(-42).
-909
Let s(f) = -f**3 + 14*f**2 - 17*f + 112. What is s(6)?
298
Let t(h) = 8*h + 167. What is t(-22)?
-9
Let x(t) = -t**3 + 7*t**2 + 12*t - 47. Give x(10).
-227
Let i(o) = 321*o + 920. What is i(-3)?
-43
Let b(r) = -21*r**3 + 203*r**2 + 63*r - 10. Calculate b(10).
-80
Let s(r) = -149*r**2 - 17*r + 13. Calculate s(1).
-153
Let a(g) = 4*g**2 - 136*g - 899. Give a(-6).
61
Let a(j) = 6*j**2 - 150*j + 10. What is a(25)?
10
Let g(m) = 121*m + 1122. Determine g(-10).
-88
Let h(b) = 7*b**2 - 13*b + 41. Determine h(3).
65
Let r(u) = 2988*u**2 - 11965*u - 5. What is r(4)?
-57
Let j(f) = 2*f**3 - 191*f**2 - 93*f - 317. Give j(96).
-29
Let g(c) = -15*c - 1598. Determine g(-105).
-23
Let t(s) = s**3 - 13*s**2 + 14*s - 55. Determine t(5).
-185
Let b(c) = 69*c + 171. What is b(-11)?
-588
Let p(i) = -2*i**2 + 36*i - 201. What is p(11)?
-47
Let o(f) = f**2 - 3*f - 10. What is o(-8)?
78
Let a(c) = 2932*c - 26396. Calculate a(9).
-8
Let u(p) = 15*p**2 - 74*p - 4. Give u(5).
1
Let g(p) = -2*p + 41. Determine g(-8).
57
Let y(q) = -q**2 - 85*q - 1899. Determine y(-55).
-249
Let l(t) = 12*t**3 - 382*t**2 - 67*t - 7. Calculate l(32).
-103
Let h(r) = -r**3 - 80*r**2 + 78*r - 251. Give h(-81).
-8
Let w(m) = -6*m**2 - 31*m + 637. What is w(8)?
5
Let t(s) = 48*s - 138. Determine t(6).
150
Let n(s) = 4*s**2 + 15*s + 27. What is n(-2)?
13
Let u(o) = 143*o + 106. What is u(-1)?
-37
Let j(n) = -n**2 + 11*n - 21. Give j(9).
-3
Let m(s) = 117*s - 2425. What is m(23)?
266
Let o(f) = 3*f**2 + 91*f + 624. Calculate o(-20).
4
Let h(l) = 56*l - 5769. Give h(103).
-1
Let x(v) = v**2 - 5*v - 61. Determine x(-6).
5
Let p(k) = 11*k**3 + 19*k**2 - 28*k + 10. Determine p(1).
12
Let i(u) = -65*u - 1557. Give i(-24).
3
Let k(g) = -g**3 + 2*g**2 + 7*g - 9. Calculate k(-4).
59
Let b(a) = -2*a**3 - 72*a**2 - 394*a - 5. What is b(-6)?
199
Let d(w) = w**3 - 3*w**2 - 41*w + 68. Determine d(8).
60
Let v(y) = 13935*y - 125420. Give v(9).
-5
Let n(v) = 644*v + 3886. Calculate n(-6).
22
Let z(g) = g**3 - 20*g**2 - 46*g + 56. Give z(22).
12
Let q(s) = -1388*s + 5718. Give q(4).
166
Let c(x) = -415*x + 1695. What is c(4)?
35
Let p(x) = 6*x**3 + 85*x**2 + 13*x - 16. Calculate p(-14).
-2
Let i(k) = 13*k - 393. Determine i(26).
-55
Let a(j) = j**3 - 1296*j - 9. Determine a(-36).
-9
Let m(n) = -22*n - 626. Give m(-21).
-164
Let p(x) = -13*x**2 + 258*x + 37. Give p(20).
-3
Let p(l) = -l**2 - 26*l + 1946. Determine p(-59).
-1
Let u(j) = 301*j - 290. Determine u(1).
11
Let r(n) = 5*n**3 - 35*n**2 - 33*n - 46. Give r(8).
10
Let v(n) = 53*n + 577. Calculate v(-11).
-6
Let r(n) = -2*n**3 + 58*n**2 + 62*n - 144. Calculate r(30).
-84
Let t(w) = w**3 - 5*w**2 + 21*w - 1. What is t(4)?
67
Let o(l) = l**3 + 21*l**2 + 62*l + 465. Determine o(-19).
9
Let o(q) = 2818*q + 8458. Give o(-3).
4
Let g(r) = 466*r - 424. Give g(1).
42
Let u(o) = -149*o + 1061. What is u(7)?
18
Let q(n) = 7*n**2 - 853*n + 4858. Give q(6).
-8
Let d(f) = 17*f**3 + 5*f**2 + 4*f + 6. Determine d(-3).
-420
Let w(t) = -5*t**3 + 3*t**2 - 6. Determine w(2).
-34
Let r(z) = -383*z + 3066. Calculate r(8).
2
Let f(y) = 3*y**3 - 62*y**2 - 316*y + 15. What is f(-5)?
-330
Let r(i) = -i**3 + 19*i**2 - 650*i + 12355. Give r(19).
5
Let u(j) = -j**3 + 16*j**2 - 10*j - 473. Calculate u(12).
-17
Let v(k) = 3*k**3 - 2*k**2 - 48*k + 151. What is v(3)?
70
Let x(q) = -10*q**2 - 331*q + 3. Calculate x(-33).
36
Let j(f) = 7*f**3 - 102*f**2 - 24*f - 313. Calculate j(15).
2
Let f(h) = -9*h**2 + 173*h + 780. Give f(23).
-2
Let j(v) = -20*v - 75. What is j(-4)?
5
Let o(n) = n**3 + 14*n**2 + 44*n + 259. What is o(-14)?
-357
Let x(s) = -541*s - 594. Calculate x(-1).
-53
Let w(h) = 136*h**3 + 1227*h**2 + 21*h + 14. What is w(-9)?
68
Let k(y) = 510*y - 113. Determine k(1).
397
Let m(s) = -93*s**3 + s**2 - 20*s + 18. Give m(1).
-94
Let i(j) = -2*j**2 + 76*j + 1595. Determine i(-15).
5
Let q(m) = -4739*m - 4726. What is q(-1)?
13
Let o(b) = 994*b - 6976. What is o(7)?
-18
Let h(w) = 2137*w - 7. What is h(0)?
-7
Let f(d) = 26*d**3 - 35*d**2 + 101*d - 3. Calculate f(3).
687
Let f(q) = 359*q**2 + 3935*q - 147. What is f(-11)?
7
Let b(t) = 46*t + 13. Calculate b(0).
13
Let t(d) = 409*d - 385. Give t(1).
24
Let h(r) = -2*r**2 + 126*r + 284. Determine h(65).
24
Let w(s) = 790*s + 2366. Give w(-3).
-4
Let i(q) = 201*q + 48234. Calculate i(-240).
-6
Let n(a) = -a**3 + 67*a**2 + 139